{"id":522,"date":"2025-11-08T12:20:38","date_gmt":"2025-11-08T11:20:38","guid":{"rendered":"https:\/\/grespuisaye.fr\/?page_id=522"},"modified":"2025-11-08T12:21:18","modified_gmt":"2025-11-08T11:21:18","slug":"522-2","status":"publish","type":"page","link":"https:\/\/grespuisaye.fr\/index.php\/522-2\/","title":{"rendered":"Conditions G\u00e9n\u00e9rales de Vente (CGV)"},"content":{"rendered":"\n<h2 class=\"wp-block-heading\"><\/h2>\n\n\n\n<h3 class=\"wp-block-heading\"><strong>1. Objet<\/strong><\/h3>\n\n\n\n<p>Les pr\u00e9sentes Conditions G\u00e9n\u00e9rales de Vente (CGV) r\u00e9gissent les ventes effectu\u00e9es sur le site www.grespuisaye.fr entre le vendeur et toute personne effectuant un achat (ci-apr\u00e8s \u00ab\u00a0le client\u00a0\u00bb).<br>Toute commande implique l\u2019acceptation sans r\u00e9serve des pr\u00e9sentes conditions.<\/p>\n\n\n\n<hr class=\"wp-block-separator has-alpha-channel-opacity\"\/>\n\n\n\n<h3 class=\"wp-block-heading\"><strong>2. Vendeur<\/strong><\/h3>\n\n\n\n<p><strong>Emmanuel NESLY<\/strong><br>42 route de Dampierre<br>58310 St Amand en Puisaye<br>contact@grespuisaye.fr<br><\/p>\n\n\n\n<hr class=\"wp-block-separator has-alpha-channel-opacity\"\/>\n\n\n\n<h3 class=\"wp-block-heading\"><strong>3. Produits et disponibilit\u00e9<\/strong><\/h3>\n\n\n\n<p>Les produits propos\u00e9s sont d\u00e9crits et pr\u00e9sent\u00e9s avec la plus grande exactitude possible.<br>En cas d\u2019indisponibilit\u00e9 d\u2019un article apr\u00e8s passation de commande, le client en sera inform\u00e9 par email et rembours\u00e9 automatiquement.<\/p>\n\n\n\n<hr class=\"wp-block-separator has-alpha-channel-opacity\"\/>\n\n\n\n<h3 class=\"wp-block-heading\"><strong>4. Prix<\/strong><\/h3>\n\n\n\n<p>Les prix sont indiqu\u00e9s en euros (\u20ac), toutes taxes comprises (TTC), hors frais de livraison.<br>Le vendeur se r\u00e9serve le droit de modifier ses prix \u00e0 tout moment, mais les produits seront factur\u00e9s sur la base des tarifs en vigueur au moment de la validation de la commande.<\/p>\n\n\n\n<hr class=\"wp-block-separator has-alpha-channel-opacity\"\/>\n\n\n\n<h3 class=\"wp-block-heading\"><strong>5. Commande<\/strong><\/h3>\n\n\n\n<p>Le client valide sa commande apr\u00e8s avoir pris connaissance et accept\u00e9 les pr\u00e9sentes CGV.<br>Toute commande pass\u00e9e sur le site vaut engagement ferme et d\u00e9finitif du client.<\/p>\n\n\n\n<hr class=\"wp-block-separator has-alpha-channel-opacity\"\/>\n\n\n\n<h3 class=\"wp-block-heading\"><strong>6. Paiement<\/strong><\/h3>\n\n\n\n<p>Le paiement s\u2019effectue :<\/p>\n\n\n\n<ul class=\"wp-block-list\">\n<li>par carte bancaire via une plateforme s\u00e9curis\u00e9e (via PayPal) <\/li>\n\n\n\n<li>par ch\u00e8que ou virement <\/li>\n\n\n\n<li>par virement<\/li>\n\n\n\n<li>par Paypal<\/li>\n<\/ul>\n\n\n\n<p>La commande est consid\u00e9r\u00e9e comme effective apr\u00e8s confirmation du paiement.<\/p>\n\n\n\n<hr class=\"wp-block-separator has-alpha-channel-opacity\"\/>\n\n\n\n<h3 class=\"wp-block-heading\"><strong>7. Livraison<\/strong><\/h3>\n\n\n\n<p>Les produits sont exp\u00e9di\u00e9s \u00e0 l\u2019adresse indiqu\u00e9e par le client lors de la commande.<br>Les d\u00e9lais de livraison sont donn\u00e9s \u00e0 titre indicatif.<br>En cas de retard, le client sera inform\u00e9 par email.<br>Les frais de port sont pr\u00e9cis\u00e9s avant la validation de la commande.<\/p>\n\n\n\n<hr class=\"wp-block-separator has-alpha-channel-opacity\"\/>\n\n\n\n<h3 class=\"wp-block-heading\"><strong>8. Droit de r\u00e9tractation<\/strong><\/h3>\n\n\n\n<p>Conform\u00e9ment \u00e0 l\u2019article L221-18 du Code de la Consommation, le client dispose d\u2019un d\u00e9lai de <strong>14 jours<\/strong> \u00e0 compter de la r\u00e9ception du produit pour exercer son droit de r\u00e9tractation, sans avoir \u00e0 justifier de motifs ni \u00e0 payer de p\u00e9nalit\u00e9s.<br>Les produits doivent \u00eatre retourn\u00e9s dans leur \u00e9tat d\u2019origine, les frais de retour \u00e9tant \u00e0 la charge du client.<\/p>\n\n\n\n<hr class=\"wp-block-separator has-alpha-channel-opacity\"\/>\n\n\n\n<h3 class=\"wp-block-heading\"><strong>9. Remboursement<\/strong><\/h3>\n\n\n\n<p>En cas de retour conforme, le remboursement sera effectu\u00e9 dans un d\u00e9lai maximum de 14 jours apr\u00e8s r\u00e9ception du produit retourn\u00e9.<\/p>\n\n\n\n<hr class=\"wp-block-separator has-alpha-channel-opacity\"\/>\n\n\n\n<h3 class=\"wp-block-heading\"><strong>10. Responsabilit\u00e9<\/strong><\/h3>\n\n\n\n<p>Le vendeur ne saurait \u00eatre tenu responsable des dommages r\u00e9sultant d\u2019une mauvaise utilisation du produit achet\u00e9.<br>Sa responsabilit\u00e9 ne peut d\u00e9passer le montant de la commande.<\/p>\n\n\n\n<hr class=\"wp-block-separator has-alpha-channel-opacity\"\/>\n\n\n\n<h3 class=\"wp-block-heading\"><strong>11. Donn\u00e9es personnelles<\/strong><\/h3>\n\n\n\n<p>Les informations collect\u00e9es sont n\u00e9cessaires \u00e0 la gestion des commandes.<br>Elles ne sont jamais revendues \u00e0 des tiers.<br>Conform\u00e9ment au RGPD, le client dispose d\u2019un droit d\u2019acc\u00e8s, de rectification et de suppression de ses donn\u00e9es en \u00e9crivant \u00e0 : [email du responsable].<\/p>\n\n\n\n<hr class=\"wp-block-separator has-alpha-channel-opacity\"\/>\n\n\n\n<h3 class=\"wp-block-heading\"><strong>12. Litiges<\/strong><\/h3>\n\n\n\n<p>Les pr\u00e9sentes conditions sont soumises au droit fran\u00e7ais.<br>En cas de litige, une solution amiable sera recherch\u00e9e avant toute action judiciaire.<br>\u00c0 d\u00e9faut, le tribunal comp\u00e9tent sera celui du si\u00e8ge social du vendeur.<\/p>\n\n\n\n<hr class=\"wp-block-separator has-alpha-channel-opacity\"\/>\n\n\n\n<h3 class=\"wp-block-heading\"><strong>13. Contact<\/strong><\/h3>\n\n\n\n<p>Pour toute question, r\u00e9clamation ou information, vous pouvez nous contacter \u00e0 :<br>\ud83d\udce7 contact@grespuisaye.fr<br><\/p>\n\n\n\n<p><\/p>\n","protected":false},"excerpt":{"rendered":"<p>1. Objet Les pr\u00e9sentes Conditions G\u00e9n\u00e9rales de Vente (CGV) r\u00e9gissent les ventes effectu\u00e9es sur le site www.grespuisaye.fr entre le vendeur et toute personne effectuant un achat (ci-apr\u00e8s \u00ab\u00a0le client\u00a0\u00bb).Toute commande implique l\u2019acceptation sans r\u00e9serve des pr\u00e9sentes conditions. 2. Vendeur Emmanuel NESLY42 route de Dampierre58310 St Amand en Puisayecontact@grespuisaye.fr 3. Produits et disponibilit\u00e9 Les produits propos\u00e9s [&hellip;]<\/p>\n","protected":false},"author":1,"featured_media":0,"parent":0,"menu_order":0,"comment_status":"closed","ping_status":"closed","template":"","meta":{"footnotes":""},"class_list":["post-522","page","type-page","status-publish","hentry"],"_links":{"self":[{"href":"https:\/\/grespuisaye.fr\/index.php\/wp-json\/wp\/v2\/pages\/522","targetHints":{"allow":["GET"]}}],"collection":[{"href":"https:\/\/grespuisaye.fr\/index.php\/wp-json\/wp\/v2\/pages"}],"about":[{"href":"https:\/\/grespuisaye.fr\/index.php\/wp-json\/wp\/v2\/types\/page"}],"author":[{"embeddable":true,"href":"https:\/\/grespuisaye.fr\/index.php\/wp-json\/wp\/v2\/users\/1"}],"replies":[{"embeddable":true,"href":"https:\/\/grespuisaye.fr\/index.php\/wp-json\/wp\/v2\/comments?post=522"}],"version-history":[{"count":2,"href":"https:\/\/grespuisaye.fr\/index.php\/wp-json\/wp\/v2\/pages\/522\/revisions"}],"predecessor-version":[{"id":524,"href":"https:\/\/grespuisaye.fr\/index.php\/wp-json\/wp\/v2\/pages\/522\/revisions\/524"}],"wp:attachment":[{"href":"https:\/\/grespuisaye.fr\/index.php\/wp-json\/wp\/v2\/media?parent=522"}],"curies":[{"name":"wp","href":"https:\/\/api.w.org\/{rel}","templated":true}]}}